 -y**6/180 + y**5/30 - 5*y**4/12 - y. Let h(l) be the third derivative of g(l). Let x be (-28)/(-6) + 8/(-12). What is h(x)?
-12
Let y(c) be the third derivative of -c**7/5040 - c**6/144 + 13*c**5/60 + 24*c**2. Let l(s) be the third derivative of y(s). What is l(-6)?
1
Let a(b) = -b + 4. Let f be a(0). Suppose -2*m - 3 - 5 = 0, -4*p + 4*m = -32. Suppose -4*g - 4 = 5*j, j + f = -p*g + 2*j. Let u(o) = o**2 + 1. Give u(g).
2
Let w(n) = 2*n + 1. Let y be 6/15 + (-188)/20. Let r = 12 + y. Suppose r*q - 4*q + 5*d = 28, 0 = -3*q + 3*d - 24. Calculate w(q).
-5
Let q(o) be the third derivative of 16*o**2 + 0 + 1/2*o**3 - 1/6*o**4 + 0*o + 1/30*o**5. Give q(2).
3
Suppose -3 = -7*p - 52. Let a(i) = 0*i - i**2 + 0*i - 2 - i - 8*i. Determine a(p).
12
Let k(v) be the third derivative of -v**5/15 - v**3/6 - v**2 + 2. Suppose 0 = f - 2*f - 2. Give k(f).
-17
Let h(v) be the second derivative of v**4/6 - v**3/3 - 3*v**2/2 - 54*v. Give h(3).
9
Let b(m) = -m**2 - 4*m + 3. Let a(t) = -11 + 163*t - 161*t + 47. Let x be a(-17). Give b(x).
-9
Let g(s) = s**2 + s + 1. Let j(z) = 4*z**2 + z - 2. Let c(y) = 4*y**2 - 1. Let o(q) = 3*c(q) - 2*j(q). Let p(f) = 5*g(f) - o(f). Determine p(-7).
4
Let d(y) = y - 1. Let k be d(3). Suppose 3*j + 6 = 6*j. Let g(p) = p + 3*p - 6*p**k + p**3 + j*p. Calculate g(5).
5
Suppose -i - 1 = -3*p, 3 = p - 0*i - 3*i. Let v(x) be the first derivative of -1 - 1/3*x**3 - 1/2*x**2 - x. What is v(p)?
-1
Let z = -5 - -10. Suppose -3 = -z*s - 3*t, -2*t - t + 3 = 3*s. Let m(a) = 5*a + 5. Let f(b) = -11*b - 10. Let y(j) = -6*f(j) - 13*m(j). Determine y(s).
-5
Let j(c) = 3*c + 8. Suppose 0 = -k - f + 16, 3*f + 24 = 4*k - f. Let w = 7 + k. Suppose b + 2*b + w = 0. What is j(b)?
-10
Suppose -8*d = -0*d - 384. Let j = 47 - d. Let l(h) = 9*h. Calculate l(j).
-9
Let o(l) = -31 + 2*l**2 - 3*l**2 - l + 26. What is o(0)?
-5
Let h(o) = -o + 6. Let r be (-2)/(-13) + 2660/(-52). Let v be 4*(-1)/((-12)/r). Let q = -11 - v. Give h(q).
0
Let d = -1 + 1. Suppose 0*l + 5*l - 20 = d. Let x(q) = 0 - 1 + l*q**2 - 45*q**3 + 44*q**3. Give x(4).
-1
Let t(x) = 3*x**3 + 2*x**2 - 1. Let b be t(1). Suppose -2*l - 158 = -170. Let u(p) = 0*p + p + p - l + 4. Calculate u(b).
6
Let j(i) be the first derivative of i**3/3 + 5*i**2/2 + 3. Let o be j(-4). Let x(p) = 5 - 2*p**2 - 6*p - 9 + p**2 + 0. What is x(o)?
4
Let h(s) = 20*s + 0*s - 10 - 29*s. Give h(-6).
44
Suppose -4*s - 9 = -s. Let r(p) = -17*p**2 + 6*p + 4. Let x(d) = -15*d**2 + 5*d + 3. Let n(o) = 6*r(o) - 7*x(o). Calculate n(s).
27
Let h(t) be the first derivative of -10*t - 1/2*t**2 + 9. What is h(-6)?
-4
Suppose 0 = 5*b + 2*a - 22 - 11, 0 = 5*b - 4*a - 9. Let l be -1*2/(3 - b). Let c(n) = 10*n - 1. Give c(l).
9
Suppose 24 = 5*y - y. Let r = 2 - 0. Let t(z) = 746*z - 752*z + 3*z**2 - z**3 + 4*z**r + 9. Give t(y).
9
Let k(a) = 6*a**2 - 9*a + 6. Let v(h) be the third derivative of h**5/60 - h**4/24 + h**3/6 + 31*h**2. Let g(s) = k(s) - 4*v(s). Determine g(3).
5
Let b(h) = -h**2 + 15*h - 8. Suppose -3*u + i = 4*i - 30, -5*u + 86 = -4*i. Determine b(u).
6
Let j(z) be the first derivative of -2*z**3/3 - 15*z**2/2 - 13*z + 136. What is j(-6)?
5
Let l(c) be the second derivative of -c**3/6 - 2*c**2 - 38*c - 3. Give l(-9).
5
Let s(f) = f**2 - f. Let i(w) = w**3 + w + 1. Let v be i(-1). Let p be s(v). Let o(n) be the first derivative of -n**4/2 + n**2/2 + 34. Determine o(p).
-14
Let w(q) = -2*q**2 + 2*q - 1. Let m = 782 + -784. Determine w(m).
-13
Let u(i) = -i**3 + 3*i**2 + 2*i + 5. Suppose -9*m + 6 = -30. Determine u(m).
-3
Let v(b) = -b**3 + 6*b**2 - 5*b - 1. Let p be v(5). Let y(r) be the third derivative of -r**6/15 + r**5/60 - r**3/6 + 8*r**2 + 6. Calculate y(p).
8
Let u be 273/(-182)*(-4)/(-6). Let c = 4 - 0. Let k(n) = 3*n**3 - 7*n**2 - 6*n + 2. Let h(s) = s**3 - s**2 - s + 1. Let p(b) = c*h(b) + u*k(b). What is p(-2)?
2
Let z(j) = -j**3 + 5*j**2 - j - 2. Let n(i) = i**3 + 11*i**2 + 7*i - 23. Let x be n(-10). Let q(m) = -m**3 + 6*m**2 + 5*m + 17. Let h be q(x). Calculate z(h).
13
Let a = 8 + 35. Let h(b) = -45*b - 4*b**2 - 2 - 1 + 4*b**3 - 5*b**3 + a*b. Calculate h(-2).
-7
Let u = -306 + 321. Let f(n) = -n + 27. Calculate f(u).
12
Let o(k) be the first derivative of -k**4/4 + 2*k**3 - 3*k**2 - 2*k + 22. Determine o(5).
-7
Let r(z) = z - 13. Let p be r(17). Suppose -8 + p = 2*a. Let t(v) be the first derivative of -v**4/4 - 2*v**3/3 + v**2/2 - v - 3. Calculate t(a).
-3
Let o(u) = u**3 + 6*u**2 - 6*u - 4. Let p(y) = -7*y - 21. Let l be p(12). Let r be 2/(-3)*l/(-10). What is o(r)?
-11
Let f(b) = 2*b + 7. Suppose -6*d = -d - 25. Suppose 0 = d*c - 7*c - 12. Determine f(c).
-5
Let t(g) = -g**2 + 12. Let m be t(-3). Suppose 5*v - m*x + 13 = 0, 3*x - 8 = v - 3. Let c(y) = -9*y - 3. Determine c(v).
15
Let x = -456 + 452. Let t(k) = -12*k. Give t(x).
48
Let p(b) be the third derivative of b**4/12 - 17*b**3/6 + 156*b**2. What is p(12)?
7
Let n(d) = -d**2 - 12*d - 13. Suppose i + 2 + 7 = -k, 2*i + 24 = k. Determine n(i).
-2
Let r(f) be the third derivative of -1/24*f**4 - 1/20*f**5 + 0 + 0*f - 1/120*f**6 + 1/3*f**3 + 11*f**2. What is r(-2)?
0
Let d(c) = c**2 + 10*c + 1. Suppose -9 = 8*u + 47. Give d(u).
-20
Suppose 3*d - 3*k = -2*d + 125, -5*k = -5*d + 115. Suppose w = 5*w + d. Let l(p) be the third derivative of p**4/24 + 4*p**3/3 - p**2. What is l(w)?
1
Let f(a) = a. Let b be (-7)/(-1) - ((-16)/(-4) - 2). Suppose -5*z + b*s = -45, z - s - 21 = -3*z. Give f(z).
4
Let y(j) = 0*j - 7*j**3 - 5*j**2 - 8*j**3 + 14*j**3 + 4 + 6*j. Determine y(-6).
4
Let i(j) = -3 + 50*j - 6 + j**2 - 103*j + 57*j. What is i(-7)?
12
Let q(v) = -v**3 + 18*v**2 + 18*v - 9. Suppose n - y = 16, 12 = -n - 2*y + 37. Let c be q(n). Let r = 32 + c. Let s(a) = -a + 1. Give s(r).
-3
Let h = 15 - 13. Let a(f) = 3*f - 6*f + 2 + 1. Calculate a(h).
-3
Let r be ((-88)/(-40))/(3/15*1). Let i(j) = j - 19. Calculate i(r).
-8
Let x(c) = -c**2 - 10*c - 6. Suppose -47 = -3*w + 7. Let q = w + -27. Give x(q).
3
Let j(d) = d**3 + d**2 + d + 6. Let l(o) = -o**3 + 6*o**2 - 6*o + 21. Let t be l(8). Let c = -155 - t. What is j(c)?
6
Let h(c) = 2*c**2 - 11*c + 4. Let t(u) = u**2 - 5*u + 2. Let k(x) = -3*h(x) + 7*t(x). Let v(p) be the first derivative of k(p). Calculate v(5).
8
Let t(h) = -23*h**2 - 4*h + 12*h**3 - 2*h**3 - 5*h - 9 - 2*h - 12*h**3. Give t(-11).
-9
Let f(r) = -8*r - r**3 + 17*r - 1 - r**2 - 22*r + 10*r. Calculate f(-1).
2
Let j(i) = -9*i + 4. Let c(k) = -1. Let u(b) = 5*c(b) + j(b). Suppose 5*l - 4 = 6. Suppose -3*s = l + 1. Determine u(s).
8
Let f(q) be the first derivative of q**4/4 - 5*q**3/3 + 5*q - 2. Suppose -21 = -5*s + 2*y, -2*s + 3*y + 4 = -0. Let m be f(s). Let t(w) = w - 2. Give t(m).
3
Let a(r) = r**3 - 11*r**2 - 12*r - 1. Suppose 0 = 4*b - 791 + 743. What is a(b)?
-1
Let w(a) = a - 1. Let x(g) = -53*g**3 - 22*g**2 + 52*g**3 - 9*g - 11*g + 26. Let c be x(-21). Give w(c).
4
Suppose -7*o = -5*o + 10. Let z(k) = k. Let g(v) = -4*v + 3. Let u(f) = o*z(f) - g(f). Suppose a = 8*a + 21. Determine u(a).
0
Suppose -6*p = -7*p. Let n(z) = -2*z + 17. Let o be n(7). Let m(j) = -j**2 - 2 + 7 - 2*j**3 + o*j**3. Give m(p).
5
Suppose 16*p = -774 + 710. Let d(r) = 3*r**2 + 10*r - 9. What is d(p)?
-1
Let s(q) = -q. Suppose 2*p - 39 - 15 = 0. Suppose 3 + p = 5*g. Determine s(g).
-6
Let t(b) be the second derivative of -b**7/2520 + b**6/240 + b**5/40 + 23*b**4/12 + 33*b. Let c(h) be the third derivative of t(h). Calculate c(4).
-1
Let s be 12/24*(1 - -31). Let h be (-11)/33 - (-3)/((-18)/s). Let u(z) = z**3 + 2*z**2 + z + 4. What is u(h)?
-8
Let p(l) = 9*l - 1. Let g(d) = 15*d - 2. Let b(z) = 4*g(z) - 7*p(z). Calculate b(-3).
8
Let k(f) be the second derivative of f**5/20 - f**4/3 + f**2 - 37*f. Let o be (3*(-4)/(-42))/((-3)/(-21)). Determine k(o).
-6
Let w(t) = t**2 - t + 1. Let j(f) = -2*f**2 - 11*f - 13. Let q(n) = -j(n) - w(n). Let h = -6 - 5. What is q(h)?
1
Let r(l) = 1. Let k(s) = -s**3 + 6*s**2 - 5*s. Let n(d) = k(d) + r(d). Let f be n(5). Let a(h) = -6*h**3 + 0*h**2 + 0*h**2 - 2*h + 1. Give a(f).
-7
Let n = -102 - -99. Let z(y) = y**2 + 3*y + 6. Let v be z(n). Let u(a) = a**2 - 6*a - 3. Determine u(v).
-3
Let u be 52/26*4/1. Let j(k) = k**3 - 8*k**2 - 4*k + 8. What is j(u)?
-24
Suppose 0 = -3*d + 6, -2*x + 4*d - 3 - 13 = 0. Let o(j) = -2*j**3 - j**2 + 10*j + 162. Let